{"id":4346,"date":"2020-01-02T16:06:27","date_gmt":"2020-01-02T15:06:27","guid":{"rendered":"http:\/\/neu.xtro-ateliers.de\/?page_id=4346"},"modified":"2025-08-19T12:52:32","modified_gmt":"2025-08-19T10:52:32","slug":"die-kuenstler","status":"publish","type":"page","link":"https:\/\/xtro-ateliers.de\/index.php\/die-kuenstler\/","title":{"rendered":"Die K\u00fcnstler"},"content":{"rendered":"\t\t<div data-elementor-type=\"wp-page\" data-elementor-id=\"4346\" class=\"elementor elementor-4346\">\n\t\t\t\t\t\t<section class=\"elementor-section elementor-top-section elementor-element elementor-element-a39df51 elementor-section-boxed elementor-section-height-default elementor-section-height-default\" data-id=\"a39df51\" data-element_type=\"section\">\n\t\t\t\t\t\t<div class=\"elementor-container elementor-column-gap-default\">\n\t\t\t\t\t<div class=\"elementor-column elementor-col-100 elementor-top-column elementor-element elementor-element-e633a66\" data-id=\"e633a66\" data-element_type=\"column\">\n\t\t\t<div class=\"elementor-widget-wrap elementor-element-populated\">\n\t\t\t\t\t\t<div class=\"elementor-element elementor-element-f2eb5dd elementor-widget elementor-widget-spacer\" data-id=\"f2eb5dd\" data-element_type=\"widget\" data-widget_type=\"spacer.default\">\n\t\t\t\t<div class=\"elementor-widget-container\">\n\t\t\t\t\t\t\t<div class=\"elementor-spacer\">\n\t\t\t<div class=\"elementor-spacer-inner\"><\/div>\n\t\t<\/div>\n\t\t\t\t\t\t<\/div>\n\t\t\t\t<\/div>\n\t\t\t\t\t<\/div>\n\t\t<\/div>\n\t\t\t\t\t<\/div>\n\t\t<\/section>\n\t\t\t\t<section class=\"elementor-section elementor-top-section elementor-element elementor-element-f688096 elementor-section-boxed elementor-section-height-default elementor-section-height-default\" data-id=\"f688096\" data-element_type=\"section\">\n\t\t\t\t\t\t<div class=\"elementor-container elementor-column-gap-default\">\n\t\t\t\t\t<div class=\"elementor-column elementor-col-100 elementor-top-column elementor-element elementor-element-eb2083d\" data-id=\"eb2083d\" data-element_type=\"column\">\n\t\t\t<div class=\"elementor-widget-wrap elementor-element-populated\">\n\t\t\t\t\t\t<div class=\"elementor-element elementor-element-29b5592 elementor-widget elementor-widget-heading\" data-id=\"29b5592\" data-element_type=\"widget\" data-widget_type=\"heading.default\">\n\t\t\t\t<div class=\"elementor-widget-container\">\n\t\t\t\t\t<h3 class=\"elementor-heading-title elementor-size-default\">Geb\u00e4ude 83<\/h3>\t\t\t\t<\/div>\n\t\t\t\t<\/div>\n\t\t\t\t\t<\/div>\n\t\t<\/div>\n\t\t\t\t\t<\/div>\n\t\t<\/section>\n\t\t\t\t<section class=\"elementor-section elementor-top-section elementor-element elementor-element-8bae005 elementor-section-boxed elementor-section-height-default elementor-section-height-default\" data-id=\"8bae005\" data-element_type=\"section\">\n\t\t\t\t\t\t<div class=\"elementor-container elementor-column-gap-default\">\n\t\t\t\t\t<div class=\"elementor-column elementor-col-33 elementor-top-column elementor-element elementor-element-5a72c2e\" data-id=\"5a72c2e\" data-element_type=\"column\" data-settings=\"{&quot;background_background&quot;:&quot;classic&quot;}\">\n\t\t\t<div class=\"elementor-widget-wrap elementor-element-populated\">\n\t\t\t\t\t\t<div class=\"elementor-element elementor-element-a62f47b elementor-widget elementor-widget-text-editor\" data-id=\"a62f47b\" data-element_type=\"widget\" data-widget_type=\"text-editor.default\">\n\t\t\t\t<div class=\"elementor-widget-container\">\n\t\t\t\t\t\t\t\t\t<p><strong>1. OG<\/strong><\/p><p>R 202:<a title=\"http:\/\/www.monicavonrosen.eu\/\" href=\"http:\/\/www.monicavonrosen.eu\/\" target=\"_blank\" rel=\"noopener\"> <\/a><br \/><a href=\"https:\/\/jarongyger.artstation.com\/\" target=\"_blank\" rel=\"noopener\">Jaron Gyger<\/a> <br \/>Malerei<\/p><p>R 203: <br \/><a href=\"http:\/\/www.susanne-piotter.com\" target=\"_blank\" rel=\"noopener\">Susanne Piotter <\/a><br \/>Installation, Objekt, Druckgrafik<\/p><p>R 204: <br \/><a title=\"Mari Poller\" href=\"http:\/\/www.maripoller.com\" target=\"_blank\" rel=\"noopener\">Mari Poller<\/a> <br \/>Installation, Objekt, Zeichnung<\/p><p>R 205: <br \/><a title=\"William Grob\" href=\"http:\/\/Www.williamgrob.com\" target=\"_blank\" rel=\"noopener\">William Grob<\/a> <br \/>Fotografie, Malerei<\/p><p>R 206: <br \/><a href=\"http:\/\/www.claudiavitari.com\/visual_artist\/work.html\" target=\"_blank\" rel=\"noopener\">Claudia Vitari<\/a> <br \/>Installation<\/p><p>R 211: <br \/>Benjamin Cabrera\u00a0<br \/>Installation<\/p><p>R 212: <br \/>Jungin Hwang <br \/>Malerei<\/p><p>R 213: <br \/><a href=\"http:\/\/annataut.com\/\" target=\"_blank\" rel=\"noopener\">Anna Taut<\/a> <br \/>Malerei<br \/><a href=\"https:\/\/www.rikeuebermuth.com\/start\" target=\"_blank\" rel=\"noopener\">Rike \u00dcbermuth<\/a> <br \/>Malerei<\/p><p>R 214: <br \/><a href=\"https:\/\/labaud.com\/\" target=\"_blank\" rel=\"noopener\">Hugo Baudouin<\/a> <br \/>Maler<br \/><a href=\"https:\/\/www.artavita.com\/artists\/6824-renate-schweizer\" target=\"_blank\" rel=\"noopener\"><\/a><\/p><p>R 216: <br \/><a href=\"http:\/\/www.steffen-blunk.de\" target=\"_blank\" rel=\"noopener\">Steffen Blunk<\/a> <br \/>Malerei, Objekt, Installation | Administration<\/p><p>R 217: <br \/><a title=\"Evi Ohnmacht\" href=\"http:\/\/www.evi-ohnmacht.de\" target=\"_blank\" rel=\"noopener\">Evi Ohnmacht<\/a> <br \/>Malerei<\/p><p>R 218: <br \/><a href=\"http:\/\/www.davidelantermoz.com\/\" target=\"_blank\" rel=\"noopener\">Davide Lantermoz<\/a> <br \/>Malerei<\/p><p>R 219: <br \/><a href=\"http:\/\/www.ilawingen.de\/index.html\">Ila Wingen<\/a> <br \/>Malerei, Objekt, Installation<\/p><p>R 220<br \/><a href=\"https:\/\/www.thepalacecollective.org\/\" target=\"_blank\" rel=\"noopener\">Thea Hope<\/a><\/p>\t\t\t\t\t\t\t\t<\/div>\n\t\t\t\t<\/div>\n\t\t\t\t\t<\/div>\n\t\t<\/div>\n\t\t\t\t<div class=\"elementor-column elementor-col-33 elementor-top-column elementor-element elementor-element-fdf5932\" data-id=\"fdf5932\" data-element_type=\"column\">\n\t\t\t<div class=\"elementor-widget-wrap elementor-element-populated\">\n\t\t\t\t\t\t<div class=\"elementor-element elementor-element-5c487b0 elementor-widget elementor-widget-text-editor\" data-id=\"5c487b0\" data-element_type=\"widget\" data-widget_type=\"text-editor.default\">\n\t\t\t\t<div class=\"elementor-widget-container\">\n\t\t\t\t\t\t\t\t\t<div class=\"ce_text block\"><p><strong>2. OG<\/strong><\/p><p>R 302: <br \/><a title=\"cossen.de\" href=\"http:\/\/cossen.de\" target=\"_blank\" rel=\"noopener\">Robert Schwark<\/a> <br \/>Grafik<\/p><p>R 304: <br \/><a title=\"Gabriele Di Stefano\" href=\"http:\/\/www.gabrieledistefano.com\" target=\"_blank\" rel=\"noopener\">Gabriele Di Stefano<\/a><br \/>Fotografie<\/p><p>R 305: <br \/><a href=\"http:\/\/shop.christian-metzner.com\/\" target=\"_blank\" rel=\"noopener\">Christian Metzner<\/a> <br \/>Objekt, Skulptur<\/p><p>R 306: <br \/><a href=\"https:\/\/www.verakeckstein.com\/\" target=\"_blank\" rel=\"noopener\">Vera Keckstein<\/a> <br \/>Malerei<br \/>Julius Linnenbrink<\/p><p>R 308: <br \/>Marianne Lange<br \/>Modedesign <br \/>Inge Duiker<br \/>Annika Klatt <br \/>Miniaturen<\/p><p>R 312: <br \/>Romy Drennan<\/p><p>R 313: <br \/><a href=\"http:\/\/www.karolinhaegele.de\/\" target=\"_blank\" rel=\"noopener\">Karolin H\u00e4gele<\/a> <br \/>Malerei<\/p><p>R 314: <br \/><a href=\"https:\/\/www.christian-frosch.de\/\" target=\"_blank\" rel=\"noopener\">Christian Frosch<\/a><br \/>Malereiforschung<\/p><p>R 315: <br \/><a title=\"https:\/\/www.stefka-ammon.de\/auswahl\/\" href=\"https:\/\/www.stefka-ammon.de\/auswahl\/\" target=\"_blank\" rel=\"noopener\">Stefka Ammon<\/a> <br \/>Kunst im \u00f6ffentlichen Raum<\/p><p>R 316: Pepi Schikowski<br \/>Malerei<\/p><p>R 317: <br \/>Clara Sofia Fernandez <br \/>Malerei<\/p><p>R 318: <br \/>Christoph Schlimme <br \/>Skulptur<\/p><p>R 319: <br \/><a title=\"Marita Czepa\" href=\"http:\/\/www.marita.czepa.net\/\" target=\"_blank\" rel=\"noopener\">Marita Czepa<\/a> <br \/>Malerei<\/p><p>R 320: <br \/><a href=\"http:\/\/www.wittekunst.de\" target=\"_blank\" rel=\"noopener\">Volker Witte<\/a> <br \/>Malerei<\/p><\/div>\t\t\t\t\t\t\t\t<\/div>\n\t\t\t\t<\/div>\n\t\t\t\t\t<\/div>\n\t\t<\/div>\n\t\t\t\t<div class=\"elementor-column elementor-col-33 elementor-top-column elementor-element elementor-element-3130a24\" data-id=\"3130a24\" data-element_type=\"column\" data-settings=\"{&quot;background_background&quot;:&quot;classic&quot;}\">\n\t\t\t<div class=\"elementor-widget-wrap elementor-element-populated\">\n\t\t\t\t\t\t<div class=\"elementor-element elementor-element-46c0000 elementor-widget elementor-widget-text-editor\" data-id=\"46c0000\" data-element_type=\"widget\" data-widget_type=\"text-editor.default\">\n\t\t\t\t<div class=\"elementor-widget-container\">\n\t\t\t\t\t\t\t\t\t<div class=\"ce_text block\"><p><strong>3. OG<\/strong><\/p><p>R 403: <br \/><a title=\"https:\/\/luisa-pohlmann.com\/\" href=\"https:\/\/luisa-pohlmann.com\/\" target=\"_blank\" rel=\"noopener\">Luisa Pohlmann<\/a><br \/>Malerei<\/p><p>R 404: <br \/><a title=\"https:\/\/kunstopfer.de\" href=\"https:\/\/kunstopfer.de\" target=\"_blank\" rel=\"noopener\">Michael Koch<\/a> <br \/>Keramik <br \/><a title=\"Jochen Schlick\" href=\"https:\/\/kunstopfer.de\/\" target=\"_blank\" rel=\"noopener\">Jochen Schlick<\/a> <br \/>Malerei<\/p><p>R 405:\u00a0<br \/><a title=\"http:\/\/www.abs-malerei.de\/index.html\" href=\"http:\/\/www.abs-malerei.de\/index.html\" target=\"_blank\" rel=\"noopener\">Brigitte Schr\u00f6ck<\/a> <br \/>Malerei, Collage<\/p><p>R 406: <br \/><a href=\"http:\/\/www.endelmann.crevado.com\" target=\"_blank\" rel=\"noopener\">Hans Endelmann <\/a><br \/>Zeichnung, Malerei, Collage, Objekt<\/p><p>R 407: <br \/>Siiri Haarla <br \/>Malerei<\/p><p>R 408: <br \/><a title=\"Sophie Fensch\" href=\"http:\/\/sophiefensch.de\" target=\"_blank\" rel=\"noopener\">Sophie Fensch<\/a> <br \/>Malerei, Zeichnung<\/p><p>R 412\/I: <br \/><a href=\"http:\/\/www.klemensgasserstudio.com\" target=\"_blank\" rel=\"noopener\">Klemens Gasser<\/a><\/p><p>R 412\/II: <br \/><a href=\"https:\/\/www.vanouchbalian.de\/\" target=\"_blank\" rel=\"noopener\">Vanouch Balian<\/a> <br \/>Regisseur<br \/><a href=\"http:\/\/www.judithmauthe.de\/\" target=\"_blank\" rel=\"noopener\">Judith Mauthe<\/a> <br \/>Schauspielerin<\/p><p>R 413: <br \/><a title=\"http:\/\/www.ilawingen.de\/index.html\" href=\"http:\/\/www.ilawingen.de\/index.html\" target=\"_blank\" rel=\"noopener\">Ila Wingen<\/a> <br \/>Malerei, Objekt, Installation<\/p><p>R 414: <br \/><a title=\"Mari Poller\" href=\"http:\/\/www.maripoller.com\" target=\"_blank\" rel=\"noopener\">Mari Poller<\/a> <br \/>Installation, Objekt, Zeichnung<\/p><p>R 415: <br \/><a href=\"https:\/\/orjandosen.com\/\" target=\"_blank\" rel=\"noopener\">\u00d8rjan Einars\u00f8nn D\u00f8sen<\/a> <br \/>Malerei<\/p><p>R 416: <br \/><a href=\"http:\/\/ianessanorris.de\" target=\"_blank\" rel=\"noopener\">Ianessa Norris<\/a> <br \/>Malerei, Grafik<br \/><a href=\"https:\/\/matthieusery.net\/\" target=\"_blank\" rel=\"noopener\">Matthieu S\u00e9ry<\/a> <br \/>Malerei<\/p><p>R 417: <br \/>Christin Meuth <br \/>Malerei <br \/><a title=\"https:\/\/www.doraragusa.com\/\" href=\"https:\/\/www.doraragusa.com\/\" target=\"_blank\" rel=\"noopener\">Dora Ragusa<\/a> <br \/>Malerei<\/p><p>R 418: <br \/><a href=\"https:\/\/www.manaf-halbouni.com\/\" target=\"_blank\" rel=\"noopener\">Manaf Halbouni<\/a> <br \/>Malerei<\/p><\/div>\t\t\t\t\t\t\t\t<\/div>\n\t\t\t\t<\/div>\n\t\t\t\t\t<\/div>\n\t\t<\/div>\n\t\t\t\t\t<\/div>\n\t\t<\/section>\n\t\t\t\t<section class=\"elementor-section elementor-top-section elementor-element elementor-element-55ec715 elementor-section-boxed elementor-section-height-default elementor-section-height-default\" data-id=\"55ec715\" data-element_type=\"section\">\n\t\t\t\t\t\t<div class=\"elementor-container elementor-column-gap-default\">\n\t\t\t\t\t<div class=\"elementor-column elementor-col-100 elementor-top-column elementor-element elementor-element-032088c\" data-id=\"032088c\" data-element_type=\"column\">\n\t\t\t<div class=\"elementor-widget-wrap elementor-element-populated\">\n\t\t\t\t\t\t<div class=\"elementor-element elementor-element-0297850 elementor-widget-divider--view-line elementor-widget elementor-widget-divider\" data-id=\"0297850\" data-element_type=\"widget\" data-widget_type=\"divider.default\">\n\t\t\t\t<div class=\"elementor-widget-container\">\n\t\t\t\t\t\t\t<div class=\"elementor-divider\">\n\t\t\t<span class=\"elementor-divider-separator\">\n\t\t\t\t\t\t<\/span>\n\t\t<\/div>\n\t\t\t\t\t\t<\/div>\n\t\t\t\t<\/div>\n\t\t\t\t\t<\/div>\n\t\t<\/div>\n\t\t\t\t\t<\/div>\n\t\t<\/section>\n\t\t\t\t<section class=\"elementor-section elementor-top-section elementor-element elementor-element-588e12a elementor-section-boxed elementor-section-height-default elementor-section-height-default\" data-id=\"588e12a\" data-element_type=\"section\">\n\t\t\t\t\t\t<div class=\"elementor-container elementor-column-gap-default\">\n\t\t\t\t\t<div class=\"elementor-column elementor-col-100 elementor-top-column elementor-element elementor-element-89aa906\" data-id=\"89aa906\" data-element_type=\"column\">\n\t\t\t<div class=\"elementor-widget-wrap elementor-element-populated\">\n\t\t\t\t\t\t<div class=\"elementor-element elementor-element-be5706a elementor-widget elementor-widget-heading\" data-id=\"be5706a\" data-element_type=\"widget\" data-widget_type=\"heading.default\">\n\t\t\t\t<div class=\"elementor-widget-container\">\n\t\t\t\t\t<h3 class=\"elementor-heading-title elementor-size-default\">Geb\u00e4ude 72<\/h3>\t\t\t\t<\/div>\n\t\t\t\t<\/div>\n\t\t\t\t\t<\/div>\n\t\t<\/div>\n\t\t\t\t\t<\/div>\n\t\t<\/section>\n\t\t\t\t<section class=\"elementor-section elementor-top-section elementor-element elementor-element-f6e5896 elementor-section-boxed elementor-section-height-default elementor-section-height-default\" data-id=\"f6e5896\" data-element_type=\"section\">\n\t\t\t\t\t\t<div class=\"elementor-container elementor-column-gap-default\">\n\t\t\t\t\t<div class=\"elementor-column elementor-col-100 elementor-top-column elementor-element elementor-element-8dbd564\" data-id=\"8dbd564\" data-element_type=\"column\">\n\t\t\t<div class=\"elementor-widget-wrap elementor-element-populated\">\n\t\t\t\t\t\t<div class=\"elementor-element elementor-element-41bf22c elementor-widget elementor-widget-text-editor\" data-id=\"41bf22c\" data-element_type=\"widget\" data-widget_type=\"text-editor.default\">\n\t\t\t\t<div class=\"elementor-widget-container\">\n\t\t\t\t\t\t\t\t\t<div class=\"ce_text last block\"><p><strong>1. OG<br \/><\/strong><\/p><p>R 204:<br \/>Tim Sensbach<\/p><p>R 205:<br \/>Maria Resch<\/p><p>R 206:<br \/>Maike Weber<\/p><p>R 209:<br \/>Sabine Basse<\/p><p><\/p><\/div>\t\t\t\t\t\t\t\t<\/div>\n\t\t\t\t<\/div>\n\t\t\t\t\t<\/div>\n\t\t<\/div>\n\t\t\t\t\t<\/div>\n\t\t<\/section>\n\t\t\t\t<\/div>\n\t\t","protected":false},"excerpt":{"rendered":"<p>Geb\u00e4ude 83 1. OG R 202: Jaron Gyger Malerei R 203: Susanne Piotter Installation, Objekt, Druckgrafik R 204: Mari Poller Installation, Objekt, Zeichnung R 205: William Grob Fotografie, Malerei R 206: Claudia Vitari Installation R 211: Benjamin Cabrera\u00a0Installation R 212: Jungin Hwang Malerei R 213: Anna Taut MalereiRike \u00dcbermuth Malerei<a class=\"moretag\" href=\"https:\/\/xtro-ateliers.de\/index.php\/die-kuenstler\/\"> Weiterlesen<\/a><\/p>\n","protected":false},"author":1,"featured_media":0,"parent":0,"menu_order":0,"comment_status":"closed","ping_status":"closed","template":"page-templates\/template-fullwidth.php","meta":{"footnotes":""},"class_list":["post-4346","page","type-page","status-publish","hentry"],"_links":{"self":[{"href":"https:\/\/xtro-ateliers.de\/index.php\/wp-json\/wp\/v2\/pages\/4346","targetHints":{"allow":["GET"]}}],"collection":[{"href":"https:\/\/xtro-ateliers.de\/index.php\/wp-json\/wp\/v2\/pages"}],"about":[{"href":"https:\/\/xtro-ateliers.de\/index.php\/wp-json\/wp\/v2\/types\/page"}],"author":[{"embeddable":true,"href":"https:\/\/xtro-ateliers.de\/index.php\/wp-json\/wp\/v2\/users\/1"}],"replies":[{"embeddable":true,"href":"https:\/\/xtro-ateliers.de\/index.php\/wp-json\/wp\/v2\/comments?post=4346"}],"version-history":[{"count":121,"href":"https:\/\/xtro-ateliers.de\/index.php\/wp-json\/wp\/v2\/pages\/4346\/revisions"}],"predecessor-version":[{"id":4934,"href":"https:\/\/xtro-ateliers.de\/index.php\/wp-json\/wp\/v2\/pages\/4346\/revisions\/4934"}],"wp:attachment":[{"href":"https:\/\/xtro-ateliers.de\/index.php\/wp-json\/wp\/v2\/media?parent=4346"}],"curies":[{"name":"wp","href":"https:\/\/api.w.org\/{rel}","templated":true}]}}