{"id":4350,"date":"2020-01-02T16:08:38","date_gmt":"2020-01-02T15:08:38","guid":{"rendered":"http:\/\/neu.xtro-ateliers.de\/?page_id=4350"},"modified":"2020-07-13T15:33:23","modified_gmt":"2020-07-13T13:33:23","slug":"die-ateliers","status":"publish","type":"page","link":"https:\/\/xtro-ateliers.de\/index.php\/die-ateliers\/","title":{"rendered":"Die Ateliers"},"content":{"rendered":"\t\t<div data-elementor-type=\"wp-page\" data-elementor-id=\"4350\" class=\"elementor elementor-4350\">\n\t\t\t\t\t\t<section class=\"elementor-section elementor-top-section elementor-element elementor-element-2ceff52 elementor-section-boxed elementor-section-height-default elementor-section-height-default\" data-id=\"2ceff52\" data-element_type=\"section\">\n\t\t\t\t\t\t<div class=\"elementor-container elementor-column-gap-default\">\n\t\t\t\t\t<div class=\"elementor-column elementor-col-100 elementor-top-column elementor-element elementor-element-cadb5b4\" data-id=\"cadb5b4\" data-element_type=\"column\">\n\t\t\t<div class=\"elementor-widget-wrap elementor-element-populated\">\n\t\t\t\t\t\t<div class=\"elementor-element elementor-element-0900a54 elementor-widget elementor-widget-spacer\" data-id=\"0900a54\" data-element_type=\"widget\" data-widget_type=\"spacer.default\">\n\t\t\t\t<div class=\"elementor-widget-container\">\n\t\t\t\t\t\t\t<div class=\"elementor-spacer\">\n\t\t\t<div class=\"elementor-spacer-inner\"><\/div>\n\t\t<\/div>\n\t\t\t\t\t\t<\/div>\n\t\t\t\t<\/div>\n\t\t\t\t\t<\/div>\n\t\t<\/div>\n\t\t\t\t\t<\/div>\n\t\t<\/section>\n\t\t\t\t<section class=\"elementor-section elementor-top-section elementor-element elementor-element-7583adb elementor-section-boxed elementor-section-height-default elementor-section-height-default\" data-id=\"7583adb\" data-element_type=\"section\">\n\t\t\t\t\t\t<div class=\"elementor-container elementor-column-gap-default\">\n\t\t\t\t\t<div class=\"elementor-column elementor-col-100 elementor-top-column elementor-element elementor-element-b0b7126\" data-id=\"b0b7126\" data-element_type=\"column\">\n\t\t\t<div class=\"elementor-widget-wrap elementor-element-populated\">\n\t\t\t\t\t\t<div class=\"elementor-element elementor-element-5dc9143 elementor-widget elementor-widget-heading\" data-id=\"5dc9143\" data-element_type=\"widget\" data-widget_type=\"heading.default\">\n\t\t\t\t<div class=\"elementor-widget-container\">\n\t\t\t\t\t<h2 class=\"elementor-heading-title elementor-size-default\">XTRO Ateliers im ehemaligen Transformatorenwerk Obersch\u00f6neweide<\/h2>\t\t\t\t<\/div>\n\t\t\t\t<\/div>\n\t\t\t\t\t<\/div>\n\t\t<\/div>\n\t\t\t\t\t<\/div>\n\t\t<\/section>\n\t\t\t\t<section class=\"elementor-section elementor-top-section elementor-element elementor-element-a76b671 elementor-section-boxed elementor-section-height-default elementor-section-height-default\" data-id=\"a76b671\" data-element_type=\"section\">\n\t\t\t\t\t\t<div class=\"elementor-container elementor-column-gap-default\">\n\t\t\t\t\t<div class=\"elementor-column elementor-col-100 elementor-top-column elementor-element elementor-element-58ea4a0\" data-id=\"58ea4a0\" data-element_type=\"column\">\n\t\t\t<div class=\"elementor-widget-wrap elementor-element-populated\">\n\t\t\t\t\t\t<div class=\"elementor-element elementor-element-2473021 elementor-widget elementor-widget-text-editor\" data-id=\"2473021\" data-element_type=\"widget\" data-widget_type=\"text-editor.default\">\n\t\t\t\t<div class=\"elementor-widget-container\">\n\t\t\t\t\t\t\t\t\t<p>Du bist auf der Suche nach einem Atelierarbeitsplatz oder einem eigenen Atelierraum in einer K\u00fcnstlergemeinschaft? Wir sind auf der Suche nach K\u00fcnstlern, die unsere Ateliergemeinschaft bereichern wollen!<\/p><p>Wir bieten:<\/p><ul><li>Konzentrierte Arbeitsatmosph\u00e4re aber auch gemeinsame Unternehmungen und Aktionen<\/li><li>Gro\u00dfz\u00fcgige, helle R\u00e4ume mit gro\u00dfen Fenstern und Deckenh\u00f6hen von etwa 3,5 bis 3,80 Metern<\/li><li>Eine Gemeinschaftsk\u00fcche ebenso wie einen Aufenthaltsraum<\/li><li>Einen gemeinsamen Webauftritt (den Du gerade besuchst)<\/li><li>Ein Netzwerk an interessanten Kontakten<\/li><li>Einzel- und Gruppenausstellungen (Werkschauen)<\/li><li>Gemeinsame Projekte<\/li><li>Gegenseitigen Rat und Hilfestellung<\/li><\/ul><p>Wir suchen:<\/p><ul><li>K\u00fcnstlerInnen, die einen eigenen Standpunkt haben und ihn professionell vertreten,<\/li><li>die keine Einzelk\u00e4mpfer sind,<\/li><li>die nicht grunds\u00e4tzlich hinter verschlossener T\u00fcr arbeiten,<\/li><li>und auch mal gemeinsam \u201cnach drau\u00dfen\u201d gehen.<\/li><\/ul><p>Wenn Du glaubst, Du passt zu uns, dann melde Dich per Telefon oder Email. Wir freuen uns darauf, Dich kennenzulernen!<\/p><p><a href=\"http:\/\/neu.xtro-ateliers.de\/atelierangebote\/\">&gt; Infos zu freien Ateliers und Arbeitspl\u00e4tzen<\/a><\/p><p><a href=\"http:\/\/neu.xtro-ateliers.de\/die-kuenstler\/\">&gt; Infos zu unseren K\u00fcnstlern<\/a><\/p>\t\t\t\t\t\t\t\t<\/div>\n\t\t\t\t<\/div>\n\t\t\t\t\t<\/div>\n\t\t<\/div>\n\t\t\t\t\t<\/div>\n\t\t<\/section>\n\t\t\t\t<\/div>\n\t\t","protected":false},"excerpt":{"rendered":"<p>XTRO Ateliers im ehemaligen Transformatorenwerk Obersch\u00f6neweide Du bist auf der Suche nach einem Atelierarbeitsplatz oder einem eigenen Atelierraum in einer K\u00fcnstlergemeinschaft? Wir sind auf der Suche nach K\u00fcnstlern, die unsere Ateliergemeinschaft bereichern wollen! Wir bieten: Konzentrierte Arbeitsatmosph\u00e4re aber auch gemeinsame Unternehmungen und Aktionen Gro\u00dfz\u00fcgige, helle R\u00e4ume mit gro\u00dfen Fenstern und<a class=\"moretag\" href=\"https:\/\/xtro-ateliers.de\/index.php\/die-ateliers\/\"> Weiterlesen<\/a><\/p>\n","protected":false},"author":1,"featured_media":0,"parent":0,"menu_order":0,"comment_status":"closed","ping_status":"closed","template":"page-templates\/template-fullwidth.php","meta":{"footnotes":""},"class_list":["post-4350","page","type-page","status-publish","hentry"],"_links":{"self":[{"href":"https:\/\/xtro-ateliers.de\/index.php\/wp-json\/wp\/v2\/pages\/4350","targetHints":{"allow":["GET"]}}],"collection":[{"href":"https:\/\/xtro-ateliers.de\/index.php\/wp-json\/wp\/v2\/pages"}],"about":[{"href":"https:\/\/xtro-ateliers.de\/index.php\/wp-json\/wp\/v2\/types\/page"}],"author":[{"embeddable":true,"href":"https:\/\/xtro-ateliers.de\/index.php\/wp-json\/wp\/v2\/users\/1"}],"replies":[{"embeddable":true,"href":"https:\/\/xtro-ateliers.de\/index.php\/wp-json\/wp\/v2\/comments?post=4350"}],"version-history":[{"count":13,"href":"https:\/\/xtro-ateliers.de\/index.php\/wp-json\/wp\/v2\/pages\/4350\/revisions"}],"predecessor-version":[{"id":4597,"href":"https:\/\/xtro-ateliers.de\/index.php\/wp-json\/wp\/v2\/pages\/4350\/revisions\/4597"}],"wp:attachment":[{"href":"https:\/\/xtro-ateliers.de\/index.php\/wp-json\/wp\/v2\/media?parent=4350"}],"curies":[{"name":"wp","href":"https:\/\/api.w.org\/{rel}","templated":true}]}}